{"id":458,"date":"2022-03-31T20:11:04","date_gmt":"2022-03-31T17:11:04","guid":{"rendered":"http:\/\/www.college-chiconi.fr\/cahweb\/?page_id=458"},"modified":"2022-04-04T13:05:47","modified_gmt":"2022-04-04T10:05:47","slug":"les-mangroves-mahoraises","status":"publish","type":"page","link":"https:\/\/www.college-chiconi.fr\/cahweb\/les-mangroves-mahoraises\/","title":{"rendered":"Les mangroves mahoraises"},"content":{"rendered":"<p><img loading=\"lazy\" class=\"wp-image-477 size-medium aligncenter\" src=\"http:\/\/www.college-chiconi.fr\/cahweb\/wp-content\/uploads\/2022\/03\/Mangroves_Bandrele-300x168.jpg\" alt=\"\" width=\"300\" height=\"168\" srcset=\"https:\/\/www.college-chiconi.fr\/cahweb\/wp-content\/uploads\/2022\/03\/Mangroves_Bandrele-300x168.jpg 300w, https:\/\/www.college-chiconi.fr\/cahweb\/wp-content\/uploads\/2022\/03\/Mangroves_Bandrele.jpg 479w\" sizes=\"(max-width: 300px) 100vw, 300px\" \/><\/p>\n<p style=\"text-align: justify;\">La mangrove est indispensable \u00e0 Mayotte. Malgr\u00e9 sa fragilit\u00e9, elle repr\u00e9sente un rempart contre les mont\u00e9es des eaux et les cyclones, surtout qu\u2019une partie de la population mahoraise habite en zone c\u00f4ti\u00e8re. Mais suite \u00e0 une augmentation de la population, les mangroves sont en danger. La pollution, les eaux us\u00e9es, la d\u00e9forestation sont autant de fl\u00e9aux mena\u00e7ant d&rsquo;extinction nos for\u00eats littorales, dont les r\u00e9percussions seraient catastrophiques pour notre \u00eele.<\/p>\n<p>A l&rsquo;occasion du concours \u00ab\u00a0jeune reporter pour l&rsquo;environnement, la classe de 3e journalisme du coll\u00e8ge Ali Halidi de Chiconise se pose en d\u00e9fenseur d&rsquo;un de nos partimoines naturels. Voici le dossier.<\/p>\n<table style=\"width: 100%; border-style: none;\">\n<tbody>\n<tr style=\"height: 157px;\">\n<td style=\"width: 33.3333%; height: 157px;\"><center><iframe title=\"Les Mangroves mahoraise : un \u00e9cosyst\u00e8me en danger\" src=\"https:\/\/www.youtube.com\/embed\/h6gig1n8D3U\" width=\"283\" frameborder=\"0\" allowfullscreen=\"allowfullscreen\"><span data-mce-type=\"bookmark\" style=\"display: inline-block; width: 0px; overflow: hidden; line-height: 0;\" class=\"mce_SELRES_start\">\ufeff<\/span><\/iframe><\/center><\/td>\n<td style=\"width: 33.3333%; text-align: center; vertical-align: middle; height: 157px;\"><!--[if lt IE 9]><script>document.createElement('audio');<\/script><![endif]-->\n<audio class=\"wp-audio-shortcode\" id=\"audio-458-1\" preload=\"none\" style=\"width: 100%;\" controls=\"controls\"><source type=\"audio\/mpeg\" src=\"http:\/\/www.college-chiconi.fr\/cahweb\/media\/emissions\/2022\/JRE_Mangroves.mp3?_=1\" \/><a href=\"http:\/\/www.college-chiconi.fr\/cahweb\/media\/emissions\/2022\/JRE_Mangroves.mp3\">http:\/\/www.college-chiconi.fr\/cahweb\/media\/emissions\/2022\/JRE_Mangroves.mp3<\/a><\/audio><\/td>\n<td style=\"width: 33.3333%; height: 157px; text-align: center; vertical-align: middle;\">\n<!-- G\u00e9n\u00e9ration r\u00e9alis\u00e9e avec Document Gallery. Obtenez votre version ici :http:\/\/wordpress.org\/extend\/plugins\/document-gallery -->\n<div id=\"document-gallery-1\" class=\"document-gallery\" data-shortcode='{\"id\":458,\"include\":\"471\",\"exclude\":\"\",\"attachment_pg\":false,\"columns\":1,\"descriptions\":false,\"fancy\":true,\"limit\":-1,\"mime_types\":\"application,video,text,audio,image\",\"new_window\":true,\"order\":\"ASC\",\"orderby\":\"post__in\",\"paginate\":true,\"post_status\":\"any\",\"post_type\":\"attachment\",\"relation\":\"AND\",\"skip\":0}' data-icon-width='99'>\n<div class='document-icon-row'>\n   <div class=\"document-icon\">\n      <a href=\"https:\/\/www.college-chiconi.fr\/cahweb\/wp-content\/uploads\/2022\/03\/College-Chiconi-classe-301-Mangroves.pdf\" target=\"_blank\">\n         <img src=\"http:\/\/www.college-chiconi.fr\/cahweb\/wp-content\/uploads\/2022\/03\/College-Chiconi-classe-301-Mangroves-thumb.png\" title=\"Article \u00e9crit\" alt=\"Article \u00e9crit\" data-ext=\"pdf\"\/>\n         <span class=\"title\">Article \u00e9crit<\/span>\n      <\/a>\n   <\/div>\n\n<\/div>\n<\/div><\/td>\n<\/tr>\n<tr style=\"height: 24px;\">\n<td style=\"width: 33.3333%; text-align: center; height: 24px;\">\n<p><span style=\"color: #0000ff;\"><strong>Reportage vid\u00e9o<\/strong><\/span><\/p>\n<p><span style=\"color: #333333;\"><em>Les mangroves mahoraise :<\/em><\/span><br \/>\n<span style=\"color: #333333;\"><em>un \u00e9cosyst\u00e8me menac\u00e9<\/em><\/span><\/td>\n<td style=\"width: 33.3333%; text-align: center; height: 24px;\">\n<p><span style=\"color: #0000ff;\"><strong>Podcast<\/strong><\/span><\/p>\n<p><span style=\"color: #333333;\"><em>La mangrove :<\/em><\/span><br \/>\n<span style=\"color: #333333;\"><em>une esp\u00e8ce oubli\u00e9e<\/em><\/span><\/td>\n<td style=\"width: 33.3333%; height: 24px; text-align: center;\">\n<p><span style=\"color: #0000ff;\"><strong>Article<\/strong><\/span><\/p>\n<p><span style=\"color: #333333;\"><em>Mayotte :<\/em><\/span><br \/>\n<span style=\"color: #333333;\"><em>la pollution tue les mangroves<\/em><\/span><\/td>\n<\/tr>\n<\/tbody>\n<\/table>\n<p>&nbsp;<\/p>\n","protected":false},"excerpt":{"rendered":"<p>La mangrove est indispensable \u00e0 Mayotte. Malgr\u00e9 sa fragilit\u00e9, elle repr\u00e9sente un rempart contre les mont\u00e9es des eaux et les cyclones, surtout qu\u2019une partie de la population mahoraise habite en zone c\u00f4ti\u00e8re. Mais suite \u00e0 une augmentation de la population, les mangroves sont en danger. La pollution, les eaux us\u00e9es, la d\u00e9forestation sont autant de [&hellip;]<\/p>\n","protected":false},"author":1,"featured_media":0,"parent":0,"menu_order":0,"comment_status":"closed","ping_status":"closed","template":"","meta":[],"_links":{"self":[{"href":"https:\/\/www.college-chiconi.fr\/cahweb\/wp-json\/wp\/v2\/pages\/458"}],"collection":[{"href":"https:\/\/www.college-chiconi.fr\/cahweb\/wp-json\/wp\/v2\/pages"}],"about":[{"href":"https:\/\/www.college-chiconi.fr\/cahweb\/wp-json\/wp\/v2\/types\/page"}],"author":[{"embeddable":true,"href":"https:\/\/www.college-chiconi.fr\/cahweb\/wp-json\/wp\/v2\/users\/1"}],"replies":[{"embeddable":true,"href":"https:\/\/www.college-chiconi.fr\/cahweb\/wp-json\/wp\/v2\/comments?post=458"}],"version-history":[{"count":13,"href":"https:\/\/www.college-chiconi.fr\/cahweb\/wp-json\/wp\/v2\/pages\/458\/revisions"}],"predecessor-version":[{"id":496,"href":"https:\/\/www.college-chiconi.fr\/cahweb\/wp-json\/wp\/v2\/pages\/458\/revisions\/496"}],"wp:attachment":[{"href":"https:\/\/www.college-chiconi.fr\/cahweb\/wp-json\/wp\/v2\/media?parent=458"}],"curies":[{"name":"wp","href":"https:\/\/api.w.org\/{rel}","templated":true}]}}